q + 5*u + 25749 = 0, -5*u = -4*q + d. Is q prime?
False
Let d(b) = -b**3 - b**2 - b - 41. Let v be d(0). Suppose -2*j + 4*z = 2*j - 1092, -j = 4*z - 288. Let s = v + j. Is s prime?
False
Suppose 17122 + 21091 = a + 2*z, -3*z = -4*a + 152896. Is a a prime number?
False
Let s(l) = 92*l + 13. Let h(a) = -10*a + 16. Let t be h(2). Let q(x) = 276*x + 38. Let m(k) = t*q(k) + 11*s(k). Is m(-5) a prime number?
False
Let b(p) = -p**2 - 3*p + 8. Let i be b(0). Let g = 7 + -9. Is (g - (-20)/i)*2*3671 composite?
False
Let f(w) = -10912*w - 613. Is f(-2) a composite number?
False
Let h = -8 - -14. Let s be (6 + -29)/((-1)/h). Let f = s + 243. Is f composite?
True
Is 4197946/8 + (-37)/148 composite?
False
Suppose 2 = n + 6, -3*f + 1896 = -3*n. Let x be (f/6)/(4/(-12)). Is (4/(-8) - 0)*x prime?
True
Let r = 159171 - 98710. Is r composite?
True
Let i(n) = 1941*n**2 + 14*n - 183. Is i(10) a composite number?
False
Let o = 700701 - 358600. Is o prime?
True
Let z be (-328)/(-123) - (-2)/6. Suppose 0 = 2*u - 2 - 0. Is 132 + u*-1*(z + -5) composite?
True
Let z(a) = -a**3 - 9*a**2 - 9*a - 13. Let t be z(-8). Is (-13)/65 + (-23226)/t a composite number?
True
Suppose 0 = -4*g - 3*y + 4, -2*y - 28 = -5*g - 0. Suppose -g*n = 14*n - 103158. Is n a prime number?
False
Suppose 1487949 = 3*q + 2*l, 132*q - 135*q = 4*l - 1487949. Is q composite?
False
Is 3/(-12) - 23564079/(-44) a composite number?
False
Suppose 4*l + 26 = -2*p, 4*l - p = -l - 15. Let b(j) = 7 + 41*j - 58*j - 49*j - 12*j - 28*j. Is b(l) a composite number?
False
Let u(g) = -1 - 20*g**2 + 0 - 10*g + 9 - 1. Let i(t) = 60*t**2 + 30*t - 21. Let a(z) = 6*i(z) + 17*u(z). Is a(-6) a composite number?
False
Suppose k + 3*f - 894293 = 0, -k + 776252 + 118033 = f. Is k a composite number?
False
Let z(v) be the first derivative of 11*v**6/180 + v**5/30 + v**4/24 + 2*v**3/3 - 18. Let f(o) be the third derivative of z(o). Is f(-3) a composite number?
True
Let k(b) = 2429*b - 275. Is k(18) prime?
False
Let g = 48981 - -6168. Suppose 0*j + 31*j = g. Is j a prime number?
False
Let t = 14750 + 29351. Is t composite?
False
Suppose 184*i + 34*i - 20725013 = 5222873. Is i a prime number?
True
Let d be ((-4)/(-1))/((-9)/(99/(-11))). Suppose -3*j - 53654 = -5*p - 17853, d*p + 2*j - 28654 = 0. Is p prime?
False
Let n(v) = 6*v**2 + 4*v + 5. Let u be n(-4). Let m = -23 + u. Let g = 51 + m. Is g composite?
False
Let t = 1049 - -1599. Suppose 12*q - 4*q - t = 0. Let i = q + -173. Is i a composite number?
True
Suppose 0 = -5*p - 3*k - 16203, -5*k = 1 + 4. Let a = 9269 + p. Is a a composite number?
False
Let a = 69198 + -36071. Is a a composite number?
True
Let c(y) = 338*y - 471. Is c(31) prime?
True
Let r be (4/(-6))/((-14)/63). Suppose -3615 = r*m - 5*v, -192 = -3*m - 3*v - 3807. Let o = 3846 + m. Is o composite?
True
Is (304/(-8))/((-16)/5048) composite?
True
Is 253382/(-16 + 4 + 14) composite?
False
Suppose -3*h + 36665 + 41934 = 28*m, 0 = m - h - 2806. Is m a composite number?
True
Let k = -8757 - -18197. Suppose -4*g + 2*m + 38 = 0, -3*g = -0*g + 2*m - 46. Is (1 + 2)/9 + k/g a prime number?
True
Let d(b) be the first derivative of 3*b**4/4 + 2*b**3/3 + 19*b**2/2 - 6*b - 22. Let j be d(5). Suppose -12*r = -j - 38. Is r a prime number?
False
Suppose -8*g + 9*g + 103 = -3*w, -2*w = -8. Let c = g + 118. Suppose -671 = -c*i + 130. Is i prime?
False
Suppose 10*u - 11*u + 498019 = p, -2*u = 4*p - 1992064. Is p a prime number?
True
Suppose 51*l - 60*l = -3552615. Suppose -59*s + 4*s = -l. Is s a composite number?
False
Let k be ((-6)/(48/20))/((-1)/1300). Let j = k + -1887. Is j a composite number?
True
Let v(l) = 2*l**2 + 9*l - 5*l**2 - 22 + 2*l**2. Let f be v(4). Is 2/(8/(-1346))*f prime?
True
Is 11922050/140*(2/(-8) - (-13)/20) a prime number?
False
Let c(o) = 1135*o**2 + o - 105. Is c(4) prime?
True
Suppose 115*u - 28998477 = -83*u - 2464299. Is u a prime number?
False
Suppose -2*p + 5*j + 499979 = 146026, p = -3*j + 177004. Is p prime?
True
Suppose 6*d - 1 = 5*d. Is (-4369)/(0 - (d + 0)) prime?
False
Suppose -471390 = -8*g + 1114648 - 427422. Is g prime?
False
Suppose 4*i = 12, -18*r - 431296 = -22*r + 4*i. Is r a prime number?
True
Let w(n) = 511*n**2 + 16*n - 486. Is w(13) a prime number?
False
Suppose -57*s + 1471995 = -815016. Is s a composite number?
False
Is 24/(-6)*(-516666)/24 prime?
True
Let k be (1698/(-6))/((-2)/20). Let s be 12*(k/42 - 6/(-21)). Suppose -s = -3*x + 1951. Is x a composite number?
True
Let t = -1086 - 1399. Let r(z) = 238*z - 106. Let w be r(19). Let o = w + t. Is o prime?
True
Let f(z) = 0 + 2 + 2334*z**2 + 6*z - 3*z. Is f(-1) a composite number?
False
Let q(j) = 35*j - 26. Suppose 4 = 3*g + 22. Let a(c) = 35*c - 26. Let f(m) = g*a(m) + 5*q(m). Is f(-7) composite?
False
Let o(h) = -26 + 9 + 1 - 13 - 29*h. Let g be o(-10). Suppose g = -l + 1052. Is l a prime number?
False
Suppose 3*x - 120 = -2*x. Suppose -18*k = -x*k + 7662. Is k composite?
False
Let g(d) = -d. Let v(p) = 1752*p - 51. Let i(b) = 4*g(b) - v(b). Is i(-2) a composite number?
True
Let d(i) = 13*i**2 - 1. Let s be d(-1). Let a be 1/6 + 94/s. Suppose a*v - 711 = -v. Is v a composite number?
False
Let n(m) = -1513*m**2 + 8*m. Let t be n(5). Let a = t - -54944. Is a prime?
True
Let h = 187 + -182. Suppose 2518 + 16677 = h*v. Is v a prime number?
False
Is 22/45 + 195/(-325) + 669476/18 composite?
True
Let b = -175 + 179. Suppose 0 = -b*j - 5*m + 764, 4*j + m - 382 = 2*j. Is j a composite number?
False
Let q(k) be the third derivative of -k**6/120 - k**5/30 + 3*k**4/8 - 10*k**3/3 + 3*k**2 - 8. Is q(-17) a prime number?
False
Let h(b) = -5*b + 32. Let v(x) = 9*x - 10*x**2 + 10 - 3*x + 2*x**2 + 9*x**2. Let f be v(-5). Is h(f) a composite number?
False
Let c(d) = d**2 - 6*d + 20. Let s be c(4). Is 5152/3 - ((-8)/s)/(-2) a composite number?
True
Let g(p) = 19 + 6*p**2 - 101*p + 41*p + 42 + 44*p. Is g(17) a prime number?
True
Let l be (2 - 1)*(-21 - -1). Let y be (-15792)/l + 8/20. Suppose y = 9*w - 4*w. Is w a composite number?
True
Let n be (2 - 3) + (1 - -3). Is n + -1 - (5 + -8 + -8412) prime?
False
Suppose -83*x + 85*x = 16. Let v(u) = 100*u**2 + 3*u - 37. Is v(x) composite?
True
Let o(b) = -14*b - 70. Let k be o(-13). Is (-56)/k*(-1 - 31317) a prime number?
False
Suppose -9935 = -2*p - 6*o + 16317, -p + 13108 = -3*o. Is p composite?
True
Let k = 3870 + -8268. Let d = k + 7261. Is d prime?
False
Suppose -47*l + 19*l - 56 = 0. Is l/6 - 13/(156/(-47608)) composite?
False
Let u(p) = p**2 + 11*p + 20. Let i be u(-9). Suppose 8 = -4*g - 8, -i*j + g = 3600. Let d = j - -2587. Is d composite?
True
Suppose 0 = -5*d + 8*d - 6, -3*v = d - 222167. Suppose -5*l - 9*j = -12*j - v, 2*l - 29622 = 2*j. Is l composite?
True
Let r(d) = 9 - 18*d**3 - d + 19*d**3 + 2*d + 20*d**2. Is r(-11) a prime number?
True
Let q be 1065/180 - (-3)/36. Let g(m) = m**2. Let p(r) = 10*r**2 - 3*r + 1. Let b(i) = -4*g(i) + p(i). Is b(q) prime?
True
Let t = -3796 - -631. Let b = -770 - t. Is b a composite number?
True
Suppose 0 = -2*u + 5*u + 2*m + 343, -3*m = 4*u + 459. Let d = u + 111. Suppose -4*g + 1574 = 2*l, d = -2*l - 5*g + 175 + 1400. Is l a prime number?
False
Let l(u) = -u + 9. Suppose -1 = -4*a + 4*h + 15, 0 = a - 5*h. Let p be l(a). Suppose s - 117 + p = 0. Is s a composite number?
False
Suppose -7*r - 6 = -10*r. Let m(f) = 1649*f - 75. Is m(r) prime?
False
Suppose 2*f + 5*s - 1008221 = 0, 2*f = 88*s - 84*s + 1008194. Is f prime?
True
Let c = -579294 - -1266065. Is c prime?
False
Let v(q) be the second derivative of 7*q**5/20 + 7*q**4/6 - q**3/2 + 21*q**2/2 - 2*q + 9. Is v(10) a composite number?
True
Suppose 3*r + 13 = 19. Is 4449*4/6 + r + 3 a composite number?
False
Let j(i) = -i**2 + 22*i + 90. Let u be j(27). Is (-3205)/u - (2 - 32/18) composite?
False
Let h(i) = -3*i**3 - 2*i**2 - 9*i - 26. Let j be h(-4). Is j/(-204) - ((-28001)/6 - 0) composite?
True
Let d be (-20)/(-50) - 4/10. Suppose h - 4*s - 7019 = d, h + 6*s = 4*s + 6989. Is h a composite number?
True
Let c(h) = -2*h**2 + 16*h - 13. Let d be c(7). Let b be 1*(d - 0) + 6/(-2). Is 1/2 + (b - 10900/(-8)) a prime number?
True
Let s = 124 + -122. Suppose n - 291 = 5*p, -3*n - s*p = 212 - 1034. Let c = n + -187. Is c a prime number?
True
Is ((-4)/8)/(-1) + 536646/44 a composite number?
False
Let b be (240 - 4)*